?
False
Is 754 a factor of 9077406?
True
Is 460224 a multiple of 408?
True
Does 3 divide 600072?
True
Is 45576 a multiple of 18?
True
Does 4 divide 391577?
False
Is 28101 a multiple of 57?
True
Is 839 a factor of 516824?
True
Does 73 divide 942503?
True
Is 3216393 a multiple of 760?
False
Is 750 a factor of 2569500?
True
Does 22 divide 37862?
True
Is 151285 a multiple of 44?
False
Is 151552 a multiple of 256?
True
Does 79 divide 237790?
True
Is 71 a factor of 2331426?
False
Is 2612728 a multiple of 4?
True
Is 14 a factor of 1110031?
False
Is 1192 a multiple of 8?
True
Is 175285 a multiple of 7?
False
Is 36891701 a multiple of 23?
True
Is 10825971 a multiple of 17?
False
Is 1009881 a multiple of 113?
True
Does 7 divide 6370482?
False
Is 52281 a multiple of 333?
True
Is 338754 a multiple of 258?
True
Does 183 divide 40260?
True
Is 212178 a multiple of 6?
True
Does 107 divide 1323046?
False
Does 5 divide 138839?
False
Does 91 divide 313950?
True
Does 30 divide 936960?
True
Does 13 divide 28830?
False
Does 19 divide 1335196?
False
Does 97 divide 1358?
True
Does 160 divide 875627?
False
Is 780 a multiple of 126?
False
Is 23718870 a multiple of 146?
False
Does 748 divide 4159542?
False
Does 2 divide 889882?
True
Is 7497432 a multiple of 12?
True
Is 251 a factor of 637038?
True
Is 174 a factor of 534460?
False
Does 316 divide 8255922?
False
Is 145 a factor of 800879?
False
Does 58 divide 464211?
False
Does 51 divide 5230458?
True
Is 114108 a multiple of 12?
True
Is 22 a factor of 797764?
True
Is 32 a factor of 836919?
False
Does 150 divide 5927151?
False
Is 307781 a multiple of 167?
True
Is 5 a factor of 96759?
False
Is 315387 a multiple of 27?
True
Does 86 divide 136262?
False
Is 18 a factor of 8338212?
True
Is 128 a factor of 169600?
True
Is 157927 a multiple of 7?
True
Does 292 divide 5340680?
True
Is 469168 a multiple of 505?
False
Is 18700 a multiple of 20?
True
Is 985 a factor of 4178370?
True
Is 13734864 a multiple of 1276?
True
Is 6 a factor of 68406?
True
Is 759271 a multiple of 316?
False
Is 232003 a multiple of 10?
False
Does 164 divide 128084?
True
Does 16 divide 84018?
False
Is 361230 a multiple of 20?
False
Is 440761 a multiple of 7?
False
Is 13 a factor of 19599?
False
Is 18 a factor of 12498621?
False
Is 70 a factor of 236154?
False
Is 1190021 a multiple of 9?
False
Is 85 a factor of 214115?
True
Is 15 a factor of 73638?
False
Is 236 a factor of 141655?
False
Is 3747972 a multiple of 643?
False
Is 75012 a multiple of 181?
False
Is 7980 a multiple of 20?
True
Does 102 divide 365754?
False
Is 3776843 a multiple of 27?
False
Is 9 a factor of 414935?
False
Does 224 divide 250208?
True
Is 223834 a multiple of 8?
False
Does 3 divide 358884?
True
Is 250 a factor of 122340?
False
Does 120 divide 271200?
True
Does 11 divide 78430?
True
Is 3497871 a multiple of 196?
False
Is 16582660 a multiple of 10?
True
Does 205 divide 208225?
False
Is 32 a factor of 531840?
True
Is 18058 a multiple of 10?
False
Does 164 divide 529228?
True
Is 2335622 a multiple of 47?
False
Is 330 a factor of 1433?
False
Does 6 divide 218316?
True
Is 3834548 a multiple of 1046?
False
Does 13 divide 88894?
True
Is 7254 a multiple of 13?
True
Is 445232 a multiple of 16?
True
Is 3 a factor of 139567?
False
Is 57511 a multiple of 17?
True
Is 125 a factor of 782599?
False
Is 16 a factor of 6851568?
True
Is 17536 a multiple of 4?
True
Is 22 a factor of 359480?
True
Does 90 divide 1954560?
False
Is 598608 a multiple of 72?
True
Does 433 divide 192252?
True
Is 476312 a multiple of 15?
False
Is 1754857 a multiple of 56?
False
Is 563368 even?
True
Is 319 a factor of 68293?
False
Is 305839 a multiple of 184?
False
Is 67 a factor of 292857?
True
Is 1046204 a multiple of 841?
True
Is 39 a factor of 91661?
False
Is 55924 a multiple of 74?
False
Does 34 divide 92637?
False
Does 349 divide 345510?
True
Is 119 a factor of 473699?
False
Does 26 divide 1071933?
False
Is 106950 a multiple of 75?
True
Does 23 divide 56304?
True
Is 1275826 a multiple of 41?
False
Does 45 divide 218880?
True
Is 499 a factor of 24338725?
True
Does 23 divide 476113?
False
Does 136 divide 295256?
True
Does 253 divide 3959450?
True
Is 136 a factor of 2065297?
False
Does 63 divide 885087?
True
Does 12 divide 7436832?
True
Does 50 divide 292900?
True
Is 2853876 a multiple of 91?
False
Is 2 a factor of 542545?
False
Is 92 a factor of 831772?
True
Is 45 a factor of 3133?
False
Does 318 divide 1637700?
True
Is 100 a factor of 400300?
True
Does 35 divide 1733359?
False
Does 48 divide 129648?
True
Does 38 divide 1028294?
False
Is 4 a factor of 3521190?
False
Is 430142 a multiple of 548?
False
Is 4406984 a multiple of 48?
False
Does 289 divide 1327088?
True
Is 68 a factor of 62082?
False
Is 3088396 a multiple of 1241?
False
Is 4 a factor of 228016?
True
Does 12 divide 1084176?
True
Does 425 divide 3139475?
True
Does 610 divide 10224836?
False
Is 16 a factor of 185702?
False
Is 553 a factor of 24944580?
False
Is 9 a factor of 348792?
False
Does 415 divide 842871?
False
Is 523165 a multiple of 19?
True
Is 23740670 a multiple of 8?
False
Does 57 divide 9657744?
False
Is 49 a factor of 873266?
False
Does 67 divide 433295?
False
Is 942502 a multiple of 22?
True
Does 56 divide 5211907?
False
Does 31 divide 344840?
False
Is 14 a factor of 492520?
True
Does 143 divide 1332070?
False
Does 16 divide 43696?
True
Is 1233 a factor of 3644748?
True
Is 12 a factor of 10007?
False
Is 39108 a multiple of 4?
True
Is 28 a factor of 1523021?
False
Does 10 divide 2526073?
False
Is 23 a factor of 10835346?
True
Is 4536586 a multiple of 107?
True
Is 528606 a multiple of 18?
True
Is 5 a factor of 45815?
True
Does 1703 divide 8705736?
True
Is 602 a factor of 1357110?
False
Is 5 a factor of 125?
True
Is 811096 a multiple of 709?
True
Does 38 divide 275186?
False
Is 4708242 a multiple of 1828?
False
Is 611362 a multiple of 9?
False
Is 10 a factor of 1391165?
False
Is 249 a factor of 17928?
True
Does 48 divide 3044880?
True
Is 3191004 a multiple of 1644?
True
Does 2 divide 87628?
True
Does 16 divide 433792?
True
Is 7137 a multiple of 61?
True
Is 57 a factor of 327995?
False
Is 371175 a multiple of 11?
False
Is 1516 a factor of 4267086?
False
Is 1662413 a multiple of 127?
False
Is 421639 a multiple of 60?
False
Is 6974 a multiple of 8?
False
Is 1085782 a multiple of 570?
False
Is 3105196 a multiple of 282?
False
Is 664641 a multiple of 3?
True
Is 317958 a multiple of 538?
True
Does 102 divide 401101?
False
Does 14 divide 70757?
False
Does 33 divide 71577?
True
Is 1180938 a multiple of 32?
False
Is 15 a factor of 146370?
True
Is 8 a factor of 61168?
True
Is 164 a factor of 11726447?
False
Does 836 divide 4401704?
False
Does 7 divide 46795?
True
Does 8 divide 4943656?
True
Is 29 a factor of 228839?
True
Is 7885155 a multiple of 390?
False
Is 843321 a multiple of 47?
True
Is 891 a factor of 9122830?
False
Does 18 divide 15450?
False
Is 70 a factor of 26303?
False
Does 6 divide 571350?
True
Does 16 divide 265888?
True
Is 1204849 a multiple of 82?
False
Is 4695732 a multiple of 486?
True
Does 20 divide 25200?
True
Is 204442 a multiple of 238?
True
Is 2044370 a multiple of 25?
False
Is 9416000 a multiple of 275?
True
Is 2861754 a multiple of 23?
False
Does 57 divide 295002?
False
Is 116 a factor of 32712?
True
Does 113 divide 291187?
False
Does 27 divide 265167?
True
Is 6 a factor of 8493?
False
Is 391296 a multiple of 94?
False
Does 128 divide 239941?
False
Is 115 a factor of 984285?
True
Does 92 divide 69904?
False
Is 22259122 a multiple of 26?
False
Does 17 divide 5118666?
True
Does 173 divide 46424?
False
Is 178 a factor of 54112?
True
Is 116102 a multiple of 125?
False
Is 318644 a multiple of 148?
True
Is 423 a factor of 7929142?
False
Does 28 divide 51296?
True
Is 8918 a multiple of 14?
True
Is 7629177 a multiple of 52?
False
Is 214 a factor of 5516920?
True
Is 188744 a multiple of 8?
True
Is 539 a multiple of 49?
True
Is 8434521 a multiple of 54?
False
Does 14 divide 2141090?
True
Is 100 a factor of 88000?
True
Is 959581 a multiple of 29?
True
Does 7 divide 7311?
False
Is 273011 a multiple of 19?
True
Is 4 a factor of 514704?
True
Does 897 divide 969657?
True
Is 116 a factor of 3050046?
False
Does 225 divide 184725?
True
Is 1093757 a multiple of 1